ppose 4*z + 2*r = 8, -z + 16 = -2*z - 5*r. Let v be q(z). Calculate the highest common divisor of 1 and v.
1
Let n = 39 + -38. What is the greatest common divisor of n and 3?
1
Let j(m) = -m**3 - 2*m**2 - 3*m - 1. Let h be j(-2). Let z be ((-4)/1)/(7 + 0 + -5). Let f = z + h. What is the greatest common divisor of 21 and f?
3
Let u = 19 - -56. What is the greatest common factor of 60 and u?
15
Let b(w) = -w**2 + 12*w + 15. Let l be b(13). What is the highest common factor of 7 and l?
1
Let c be (-1)/5 - 52/(-10). Suppose 0 = 5*k, -2*q - c*k + 4 = 2*q. Calculate the highest common factor of q and 1.
1
Let h be (-15)/(-10) + 111/6. Calculate the greatest common divisor of 5 and h.
5
Suppose 5*s - 4*t = -0*t + 844, -4*t = -2*s + 340. Let w be s*((-15)/6 + 3). Calculate the greatest common factor of 12 and w.
12
Let r(n) = 3*n**2 - n + 1. Let l be r(-1). Let t = -1 + 2. Calculate the greatest common divisor of l and t.
1
Let c = -101 - -163. Let s = c + -26. What is the highest common divisor of 9 and s?
9
Let c be -4 - 56/(-4) - 2. Suppose 4*v - 290 = y, -3*y = -2*v - 0*y + 150. Calculate the greatest common factor of v and c.
8
Let z = 0 - -3. Let f be (z - -1)/(1/2). Calculate the highest common factor of f and 16.
8
Suppose 0 = t + 2*t. Suppose 120 = 3*w - t*w. What is the greatest common factor of w and 16?
8
Let x = 11 + -9. Suppose 44 - x = 2*n. What is the highest common factor of 84 and n?
21
Let d(x) = -2*x + 25. Let y be d(12). What is the highest common factor of y and 4?
1
Suppose -334*k = -332*k - 122. Calculate the highest common factor of 61 and k.
61
Suppose -11 = -4*p + 69. What is the greatest common divisor of p and 70?
10
Suppose -2*k + 6 = k. Suppose 0 = -4*a - 2*t, k*a - 4*t = -0*t. Suppose a = 3*w - 25 + 7. Calculate the highest common divisor of 54 and w.
6
Let d = 118 + -78. Calculate the greatest common divisor of 16 and d.
8
Let g = 90 - 75. What is the highest common divisor of 35 and g?
5
Let m be (2 + 6 + -1)*3. Let n(b) = -b. Let a be n(0). Let t be (-1 - a) + 6 - -2. What is the greatest common divisor of m and t?
7
Let c be 194/22 - 32/(-176). Calculate the greatest common divisor of c and 171.
9
Suppose -8*x - 166 = -9*x. Suppose -5*y = 5*t - x - 99, t = -2*y + 50. Calculate the highest common divisor of 14 and t.
14
Suppose -d - 30 + 78 = 0. What is the greatest common divisor of d and 32?
16
Let s(z) = -z**3 + 13*z**2 - 11*z + 2. Let w be s(12). Suppose a = -a + w. What is the greatest common factor of 35 and a?
7
Suppose 5*b + 7 = j, -5*b + 49 = 4*j - 4*b. Suppose -4*k = -60 - j. What is the greatest common factor of k and 45?
9
Let x(a) = 10*a**2 + a + 2. Let q be x(2). Suppose -3*b + 5*b = 0. Suppose b = -5*z + q + 56. What is the greatest common factor of 60 and z?
20
Suppose 119 = 5*l - 3*n, n = l + 4*n - 31. Calculate the greatest common divisor of 225 and l.
25
Let k(h) be the second derivative of -h**5/20 - h**4/6 + 2*h**3/3 + h**2/2 - 2*h. Let z be k(-5). Calculate the greatest common factor of 7 and z.
7
Let j = -8 - 39. Let k = j - -80. What is the greatest common divisor of 3 and k?
3
Let f(q) = -q + 1. Let k be (-91)/28 - 1/(-4). Let v be f(k). Suppose 2*c - 3*c = v*w - 45, -2*w + 45 = 5*c. Calculate the highest common factor of 90 and w.
10
Suppose 5*h - 8 = 67. Calculate the greatest common factor of 10 and h.
5
Suppose -2*w + 10 = 5*p, -3*p - 2*w = p - 8. Suppose p*n - 284 = 136. Calculate the greatest common factor of n and 21.
21
Let c be (-3)/((-2)/(-40)*-1). Suppose 0 = 4*t - 5*n + 31, 4*n = -4*t - 84 + 8. Let d be t/35 - (-244)/10. What is the highest common factor of d and c?
12
Let t be (-6)/(-18)*(10 - 1). Let o be 0 + 1*(4 - t). What is the highest common divisor of 6 and o?
1
Let s be (-10245)/(-30) + 2/4. What is the highest common divisor of s and 18?
18
Suppose 3*c - 4 = -l - 12, 0 = 3*c - 5*l + 32. Let s be (6/(-4))/(c/24). What is the greatest common divisor of 45 and s?
9
Let a(j) = 55*j - 3. Let l be a(3). Let k = -44 + 62. Calculate the greatest common factor of k and l.
18
Suppose 3 = 2*p - 9. Suppose 0*o - 36 = 4*o. Let b(w) = w**2 + 5*w + 6. Let z be b(o). Calculate the highest common factor of p and z.
6
Let m be (1/4)/((-11)/(-44)). What is the highest common divisor of m and 4?
1
Suppose -2*p - x - 11 = 4, 2*x - 5 = p. Let k be (-2 + p/(-3))*33. Let l(f) = f**2 + 2*f + 88. Let u be l(0). Calculate the highest common factor of k and u.
11
Let r(w) = 2*w**3 - w**2 + 4*w + 1. Let l be r(3). Let h = l - 31. Calculate the greatest common divisor of 3 and h.
3
Suppose 2*a - 16 + 4 = 0. What is the greatest common factor of a and 18?
6
Let t(j) = j + 1. Let x be t(3). Let l be (6 - 2)/(2/x). Calculate the greatest common divisor of 2 and l.
2
Let w be -36 - (4 - (3 - 1)). Let y be w/(-14) + (-2)/(-7). Suppose 21 - 3 = y*s. Calculate the greatest common factor of 4 and s.
2
Let o be 27 + (1 + -4 - -4). What is the highest common divisor of 7 and o?
7
Let k(n) be the third derivative of 9*n**4/8 - 2*n**2. Let o be k(2). Calculate the highest common divisor of 36 and o.
18
Let v = -102 + 154. What is the highest common factor of 39 and v?
13
Let t(x) = x**3 + 6*x**2 - 2*x - 6. Let q be t(-6). Suppose u = -0*u - 82. Let n = -34 - u. Calculate the greatest common divisor of n and q.
6
Suppose 2*u - 242 = 14. What is the highest common factor of 32 and u?
32
Suppose -5*h - 2 = -72. Calculate the highest common divisor of h and 112.
14
Let x(n) = n**3 - 5*n**2 - n + 3. Let w be x(5). Let z be 1/(-2) - 9/w. Suppose o - z*o = -42. What is the greatest common factor of 98 and o?
14
Let o(a) = a - 6. Let i be o(4). Let x be (-2 + i)/((-3)/81). Calculate the highest common divisor of 12 and x.
12
Let m = 1 - 2. Let p be (-1)/((2/72)/m). Suppose 19 = 3*r - 8. Calculate the greatest common divisor of p and r.
9
Let g(r) = -r + 2. Let k be g(-2). Let c(w) = 12*w + 2. Let p be c(k). What is the greatest common divisor of 20 and p?
10
Suppose -85 = 5*v - 360. Calculate the highest common divisor of 22 and v.
11
Let j(q) be the third derivative of 5*q**4/12 - 5*q**3/6 + 3*q**2. Let f be j(5). Calculate the greatest common divisor of f and 18.
9
Let h be (-1 - -1) + 5 + 33. Let l be (1 - 3/6)*h. Calculate the highest common divisor of l and 19.
19
Suppose -3*q + 472 = 2*x, -3*q + 336 + 156 = -3*x. Suppose 4*y + y = q. Let d = -20 + y. What is the greatest common divisor of 12 and d?
12
Suppose 3*u - 84 = 3*t, 3*u - 11 = -3*t + 49. What is the highest common factor of u and 16?
8
Suppose -6*s + 770 = s. What is the highest common factor of 10 and s?
10
Let v(r) = -r**3 - 4*r**2 + 7*r + 1. Let x be v(-5). Let c = -4 - x. What is the greatest common factor of c and 20?
5
Let z(o) = -o + 7. Let y be z(-4). Calculate the highest common divisor of 22 and y.
11
Let w be -4*(-2 - (-9)/(-6)). Suppose 0*o + i = 5*o - 15, 0 = -3*o - 4*i - w. Suppose -165 = -5*h + o*h. What is the highest common factor of h and 5?
5
Let d(k) = k**3 + 5*k**2 + k - 3. Let c be d(-3). Let y = 206 - 110. What is the highest common divisor of y and c?
12
Let j be 1 + (-1 + -1 - -1). Suppose 5*f - 4*f - 5 = j. Let q(m) = 5*m**2 - 3*m - 1. Let y be q(-2). What is the greatest common divisor of y and f?
5
Suppose -3*t = -2*t - 2. Let n be (-33)/(-6)*t + -1. Calculate the greatest common divisor of n and 50.
10
Let k(j) = -j**3 + 8*j**2 - 5*j + 4. Let w be k(7). Let u(v) = -2*v**2 + 25*v - 3. Let a be u(12). Calculate the highest common divisor of w and a.
9
Let b be (11/2*-10)/(-1). Suppose -3*t = 2*r - 33, -b = -5*t - 5*r + r. What is the greatest common divisor of t and 77?
11
Let q be ((-7)/4)/(12/(-96)). Let k be 2/(-4)*0*1. Let z be -1 - 113*(k + -1). Calculate the highest common factor of q and z.
14
Let z(w) = w**3 + 5*w**2 - 8*w + 10. Let c be z(-7). Suppose 1 = 3*s + 4. Let n be (-56)/c*(s + 9). Calculate the highest common divisor of 42 and n.
14
Suppose -p + 2*p + 1 = 0. Let x be (p - -1) + (7 - -14). What is the greatest common divisor of 7 and x?
7
Let j be ((-6)/5)/(1/(-10)). Let w(d) = d + 14. Let x be w(-10). What is the greatest common divisor of x and j?
4
Let b(h) = 8*h + 11. Suppose -5*i - x = -8*i + 31, i - 5 = 3*x. Let k be b(i). Calculate the highest common divisor of k and 11.
11
Let c(p) = -10*p - 4*p**2